5). List the prime factors of w(k).
5, 11
Let b(s) = 3*s**3 - 12*s**2 + s - 1. Let v be b(5). Suppose 0 = -q + v - 34. List the prime factors of q.
3, 5
Suppose 158*h - 204*h + 202400 = 0. List the prime factors of h.
2, 5, 11
Suppose -11*b = -19*b + 56. Let q(o) = o**3 - o**2 - o - 4. What are the prime factors of q(b)?
283
Let u be 6/1*(-19)/(-57). Suppose 4*m - u*t - 281 - 371 = 0, -t + 479 = 3*m. List the prime factors of m.
7, 23
Let r be (-135)/12*16/(-12). Let x(d) = -2*d**2 + 39*d + 18. What are the prime factors of x(r)?
3, 17
Let i(z) = -11*z + 34*z - 90*z + 14 + 22*z. List the prime factors of i(-4).
2, 97
Suppose 5*k + n - 9868 - 16578 = 0, n = 1. List the prime factors of k.
3, 41, 43
Suppose 0 = -3*k + 4*z - 3*z, 5*z = 5*k. Suppose k = 3*r - 0*r - 117. What are the prime factors of r?
3, 13
Let i be (-303303)/(-189) + (-4)/(-18). Suppose -d - 2*g + 5 = -394, -5*g + i = 4*d. List the prime factors of d.
3, 5
Suppose 0 = -d + 1, -6*g - d + 213 = -2*g. Suppose g*y - 3360 = 45*y. List the prime factors of y.
2, 3, 5, 7
Let s(u) be the second derivative of -16/3*u**3 - 51*u - 17*u**2 + 0. What are the prime factors of s(-6)?
2, 79
Let k(y) = 570*y + 13. Let h(d) = -380*d - 9. Let w(f) = 7*h(f) + 5*k(f). What are the prime factors of w(1)?
2, 3
Let b(y) = 2*y. Let i be b(1). Suppose -5*t - 36 = 4*p, i*p - 20 = 4*p + 2*t. Let x = 125 + p. What are the prime factors of x?
3, 37
Let s be (1 + -2)/(10 + (-444)/44). Suppose -5*v - f + 3605 = 0, 4*v - s*f + 16*f = 2884. List the prime factors of v.
7, 103
Suppose 4*y + 2*f - 552 = 6*f, 577 = 4*y + f. Suppose -78 = t - 0*t. Let x = t + y. What are the prime factors of x?
5, 13
Suppose 0 = -23*o + 2*o + 3591. List the prime factors of o/(-38)*(-206)/3.
3, 103
Let f = -17 - -17. Let k be 18 - ((f - 0) + 2). List the prime factors of (-2 + k/(-6))/(12/(-342)).
7, 19
Let a be (-15)/(-2) + 3/2. Let g(y) be the third derivative of -y**5/60 + y**4/3 + 13*y**3/2 - 11*y**2 + 3*y. List the prime factors of g(a).
2, 3, 5
Let x(t) = 25*t**2 + t + 2. Let y be (-7 - -3)*(108/(-16))/9. List the prime factors of x(y).
2, 5, 23
List the prime factors of (-79519)/(-7) + (-3054)/3563.
37, 307
Let q be -6*(4 - (-33)/(-9)). Let d be (-6)/q*(966/9 - -4). Suppose -3*p = 3*l - 2*l - d, -4*p + 2*l + 452 = 0. List the prime factors of p.
2, 7
Suppose -2*a = -3*k + 4, -5*k = 4*a - 9 - 27. Suppose -a*z - 1905 = -i - 5847, 0 = -2*z - 4*i + 1980. What are the prime factors of z?
2, 17, 29
Let u be -1*3 + -4 + 9. Suppose -u*n = 6*n + 24. List the prime factors of 30 - n*(0 + 1).
3, 11
Suppose -19 = -11*k + 14. Suppose -5*c = -2*g + 1071 - 4, -k*g + 2*c + 1595 = 0. What are the prime factors of g?
3, 59
Let h be 3 + 98 + 3 + (-3 - 0). Let f = 126 - h. Suppose -f*k - 660 = -30*k. What are the prime factors of k?
2, 3, 11
Let p be 1/1*(673 + -3). Suppose 3*z + p = 2*v, 4*z + 747 - 75 = 2*v. Suppose 3*s = g + 4*g + 224, 0 = 5*s + 2*g - v. What are the prime factors of s?
2, 17
Let z be (1 - 6/15)/((-9)/(-15)). What are the prime factors of 2 - -1 - (z + -3)*60?
3, 41
List the prime factors of ((-1096)/(-6))/((-20)/(-45360)*18).
2, 3, 7, 137
Let c be (-1)/3 - ((-120)/18)/2. Suppose c*t + t = -4*r + 896, -t = 5*r - 212. Suppose -t = -3*s + 1. What are the prime factors of s?
2, 19
Let y be (-1 - -2)*(-2 + 2). Suppose y = 4*h - 3*t + 56, -2*t + t = -4. Let n = 132 + h. What are the prime factors of n?
11
Let u = -17 - -53. Suppose -4*l + 5*r - u = 0, -5*r = -5*l + 4*l - 24. What are the prime factors of ((-352)/48)/(l/18)?
3, 11
Suppose 0 = 53*c + 133917 - 639749. What are the prime factors of c?
2, 1193
Let a(o) = -o**3 + 55*o**2 - 70*o + 416. List the prime factors of a(43).
2, 97, 101
Suppose -c = 4*x - 195, 0 = 5*c - 3*x + 7*x - 943. Suppose -y = 3*y - 4*r + 536, 0 = -y + 4*r - 143. Let t = y + c. What are the prime factors of t?
2, 7
Let b = 2405 - -12394. What are the prime factors of b?
3, 4933
Suppose -50*w + 37*w - 286 = 0. List the prime factors of 4/w + (4896/11)/6.
2, 37
Suppose -26*a + 58*a = 113762 + 276926. What are the prime factors of a?
29, 421
Suppose -3*a - 120 - 15 = -5*p, 2*a - 5*p = -95. What are the prime factors of 2448/a*40/(-6)?
2, 3, 17
Let b = -339 + 224. Let j = 200 - b. List the prime factors of j.
3, 5, 7
Let x = 2437 + 5440. What are the prime factors of x?
7877
Let a(s) be the first derivative of -11*s**5/40 + s**4/24 + 8*s**3/3 + 15. Let y(l) be the third derivative of a(l). What are the prime factors of y(-5)?
2, 83
Suppose -4*z - 2*k = z + 18, -z = -k + 5. Let j be 1006/8 + (-1)/(z/1). Suppose 100 + j = 2*b - a, 456 = 4*b - 3*a. List the prime factors of b.
3, 37
Let y = -2112 + 5304. List the prime factors of y.
2, 3, 7, 19
Let q(n) = n + 12. Let y be q(-9). Suppose -4*i = -0*i - j - 288, 4*j - 197 = -y*i. Let v = 124 - i. What are the prime factors of v?
53
Let m(t) = 100*t**3 - 426*t**2 - 4*t - 65. What are the prime factors of m(9)?
149, 257
Suppose -2*g = 10*g - 36. List the prime factors of 8/(-44) + 5832/11 - g.
17, 31
Let i = -95 - -98. Suppose -5*p + 831 = -4*b - 164, 827 = 4*p + i*b. Suppose -5*m = p - 678. What are the prime factors of m?
5, 19
Suppose -3*j - 2*z = -16, -5*j - 4*z = -8*j - 14. Suppose j*a + o = -2*a + 720, -20 = 5*o. What are the prime factors of a?
181
Let q(p) = 11*p + 3. Let z be q(-2). Let r = z + 89. Suppose 448 = 3*y + r. What are the prime factors of y?
2, 3, 7
Suppose -w = 3*o - 14, 0 = 4*w + 5*o - 32 + 4. Let g(x) = 2*x**2 + 4*x - 9*x + 24*x**2 - 4 + 12. List the prime factors of g(w).
2, 3, 17
Let i(h) = 2*h**3 - 11*h**2 - 575*h + 151. What are the prime factors of i(36)?
41, 1427
Let a(k) = -3*k**2 - 1. Suppose 10*h - 1 = 9*h. Let t be a(h). Let j(z) = -11*z - 8. What are the prime factors of j(t)?
2, 3
Let y = -100 + 101. Suppose 2*k = -3*a + 2, 3*k + y = a + 4. Suppose 2*i + a*x = -4*x + 166, -x = 3. List the prime factors of i.
89
Let p(h) = -108*h - 55. Let u be p(-5). Let f = u - 292. List the prime factors of f.
193
Let o = -33 + 30. Let k be 4 - -4 - (o - 1). List the prime factors of 939/k + (-1)/4.
2, 3, 13
Suppose 0 = -5*u + 4*d + 43863, -4*u = -63*d + 62*d - 35086. List the prime factors of u.
7, 179
Suppose -62*w + 22*w = -473523 - 78957. List the prime factors of w.
2, 3, 1151
Let h(a) = 6*a**2 - 80*a + 1282. What are the prime factors of h(43)?
2, 1117
What are the prime factors of ((-4280505)/(-556))/(14/(-8) - -2)?
3, 5, 2053
Suppose t - 20339 = -572*j + 569*j, 0 = t + 5*j - 20325. What are the prime factors of t?
2, 5, 509
Let h(f) = 14*f**2 + 4. Let u(y) = y**3 - 8*y**2 + 11*y + 1. Let g be u(6). What are the prime factors of h(g)?
2, 3, 59
Let f(b) = 2 + 25*b - 19 - 7 - 16. List the prime factors of f(11).
5, 47
Let r be (-12)/(-30) - 318/(-30). Suppose 3*u - h - 569 = 0, r*u = 8*u - 4*h + 574. List the prime factors of u.
2, 5, 19
Let j(m) = -100*m + 322. Let z be j(5). Let t = -248 - 24. Let g = z - t. What are the prime factors of g?
2, 47
Let a be ((-2252)/(-6 + 4))/(1 - 0). Suppose 0 = 6*j - a - 2882. List the prime factors of j.
2, 167
Let h be ((-4)/(-6))/((-4)/(-6)). Let d be (-127)/7 - h/(-7). List the prime factors of 831/9 + (-12)/d.
3, 31
Let l(n) = 3*n - 63. Let m be l(23). Let c be (27/m)/1 - 2/4. Suppose c*x = 618 + 166. What are the prime factors of x?
2, 7
Let c(t) = t**3 + 6*t**2 + 5*t - 10. Let d be c(-5). Let j(l) = l**3 + 9*l**2 - 44*l - 8. What are the prime factors of j(d)?
2, 83
Let b be ((-23)/((-621)/(-774)))/((-4)/(-6)). What are the prime factors of (b/129)/(1/(-1926))?
2, 3, 107
Suppose 86606 - 239306 = -30*w. Suppose 2*u + 4*a = 2006, 40*a + w = 5*u + 35*a. List the prime factors of u.
1013
Suppose 120*d - 121*d + 854 = 0. What are the prime factors of d?
2, 7, 61
Suppose 0 = -10*f + 5*f + 15. Suppose 2*p + y = -16, f*p - y = -30 + 1. Let k = p + 26. What are the prime factors of k?
17
Let p = -7 - -11. Suppose -5*x - 3*h = -650, -58 = -2*x + p*h + 202. Suppose -x = -c - c. List the prime factors of c.
5, 13
Let w(q) = q**3 - 21*q + 27. List the prime factors of w(11).
7, 23
Let r(x) = -x**3 + 14*x**2 - 45*x + 5. Let i be r(5). Suppose 4327 = i*y - 2*z - 3697, z = -y + 1609. What are the prime factors of y?
2, 11, 73
Let i(z) = 9*z + 67. Let h be i(-7). Suppose l + 3*l + 732 = 4*m, 0 = -h*m - 2*l + 708